 Let h(o) = 4*o**2 - 2*o + 6. What is the remainder when r is divided by h(j)?
15
What is the remainder when 192 is divided by (5*27)/(45/(-18) - -4)?
12
Suppose -23170 = 13*b - 18*b. Let i be (2/9 - b/441)*7. Let z = i + 114. What is the remainder when z is divided by 5?
2
Calculate the remainder when (-3340)/((-50)/5) + 8 is divided by 29.
23
Let s(g) = 2*g + 31. Let o be s(-13). Suppose 0 = -o*m + 432 - 1547. Let l = m + 321. What is the remainder when l is divided by 20?
18
Suppose -33*t + 1208 = -4039. What is the remainder when t is divided by 4?
3
Suppose f = -5*d + 26, 200*f - 4*d - 101 = 195*f. Calculate the remainder when 1047 is divided by f.
18
Suppose -t + 129 = 4*r, 3*t + 55 - 79 = -r. Calculate the remainder when 181 is divided by r.
16
Suppose -3*m - 4*g = -0*g - 145, 5*g + 136 = 3*m. Let v = m + -8. Let t = v + -24. Calculate the remainder when t is divided by 4.
3
Let i(k) = k**3 - 15*k**2 + 60*k - 8. What is the remainder when 654 is divided by i(7)?
14
Suppose -58*g + 32 = -56*g. What is the remainder when 138 is divided by g?
10
Suppose -7*h - 5*h + 11501 = 19*h. What is the remainder when h is divided by 6?
5
Let f(w) = -4*w**3 + 9*w**2 - 3*w + 18. Let p be f(-9). Suppose -b - p = -46*b. What is the remainder when 322 is divided by b?
76
Let y(m) = -m + 12. Let c be y(8). Suppose c*w - 2 = -2*x + 76, -2*x - 76 = -3*w. Calculate the remainder when 41 is divided by w.
19
Suppose -45*h = -26*h + 3*h - 30646. Calculate the remainder when h is divided by 157.
137
Suppose 29241 + 82059 = 20*u. Calculate the remainder when 107 is divided by u/106 - (2 - (-5)/(-2)).
1
Let h = -4550 + 4825. Calculate the remainder when h is divided by 5.
0
Suppose 210*j - 3141 = -586*j + 2431. Let o = 20 - 4. What is the remainder when o is divided by j?
2
Suppose 43*q - 46*q = -21. Suppose 116 = 2*y + 2*y. Suppose 31 = 5*o - y. What is the remainder when o is divided by q?
5
Let z be (-5*1 - (15 - 15)) + -211. Calculate the remainder when 28 is divided by (1/3)/((-12)/z).
4
Suppose -10*c + 431 = -109. Suppose -3*o + 240 = -4*j - 72, 4*o - 416 = -2*j. Calculate the remainder when o is divided by c.
50
Suppose 4*h - 57 = -53. Suppose -10*j + 252 = 2*j. What is the remainder when h/3*(286 - -11) is divided by j?
15
Let u(w) = w**2 + 5*w - 53. Suppose -5*p + 145 = -9*n + 4*n, 0 = -p + 5. What is the remainder when u(n) is divided by 45?
43
Let w(p) = -1011*p - 24. Let o(x) = x**3 + 10*x**2 - 20*x - 100. Let z be o(-11). What is the remainder when w(z) is divided by 13?
12
Suppose 9*c + 2*c + 297 = 0. What is the remainder when 69 is divided by ((-18)/c)/(4/42)?
6
Let v(b) = -b**3 - 18*b**2 - 83*b - 16. Calculate the remainder when 2881 is divided by v(-10).
11
Suppose 4*l + s + 136 = 543, 4*s - 98 = -l. Suppose 0 = -13*j + 9*j + 8. Calculate the remainder when l is divided by ((-1)/j)/(-1)*(-150)/(-5).
12
Let r be (-13380)/(-75)*5/2. Let f = r + -309. Calculate the remainder when f is divided by 10.
7
Let s(w) = 8*w - 102. Let o = 31 + -18. Calculate the remainder when s(19) is divided by o.
11
Let a = -28 + 71. Suppose -2*h + 214 = -4*o, 5*o + 675 = -2*h + 790. Calculate the remainder when h is divided by a.
42
Let q be (-60)/35*(287/14 - -4). Let k(s) = 6*s + 256. Calculate the remainder when (-29)/(-4) + (-1)/4 is divided by k(q).
3
Let d be 48*((-68)/(-12) + -6). Let i(b) = -b**3 - 5*b**2 + 6*b - 5. Let u be i(-6). Calculate the remainder when -1 - 248/u - d/40 is divided by 10.
9
Suppose -12*z + 13*z - 2*i - 232 = 0, -4*z - 27*i = -963. Calculate the remainder when 472 is divided by z.
4
Suppose -10*f + 12*f - 982 = 3*s, 3*f + 4*s - 1541 = 0. What is the remainder when f is divided by 173?
157
Let l(r) = -r**2 - 6*r + 7. Let q = 29 - -43. What is the remainder when q is divided by l(-6)?
2
Suppose 9*g + 1476 = 12*g. Let z = -1683 + 1745. What is the remainder when g is divided by z?
58
Calculate the remainder when 1117 is divided by 242/4 - 43/(1978/(-69)).
1
Let m = -2292 + 2781. What is the remainder when m is divided by 50?
39
Let r = 75 - 57. Suppose r*p - 619 = 1055. What is the remainder when p is divided by 24?
21
What is the remainder when 323 is divided by (-18)/((-206)/(-2987) + (-41)/174)?
107
Suppose 0 = 145*y - 140*y - s - 24, s = -y + 6. Suppose -40*d + y*d + 910 = 0. What is the remainder when 125 is divided by d?
21
Let f(a) = 2*a**3 - 7*a**2 - 4*a + 9. Let n be f(5). Let j = n - 58. Calculate the remainder when 101 is divided by (-240)/(-9) + j/(-9).
23
Suppose 0 = 24*o + 226*o - 39*o. Suppose -5*t + t + 2*s + 36 = 0, -2*s + 4 = 0. Suppose o = t*k - 12 - 598. What is the remainder when k is divided by 16?
13
Let q = 18134 - 17491. Calculate the remainder when q is divided by 131.
119
Suppose 0 = 5*i + 2*u - 51, 3*u = 5*i - 0*i - 36. Suppose 3*f = 54 - i. Calculate the remainder when f is divided by ((-16)/(-3))/(6/9).
7
Suppose -510 = 3*y - 6*y. Suppose -2*z - 86 = -0*m - m, 2*z + y = 2*m. Suppose -x = x - 4*u - m, 2*u + 6 = 0. What is the remainder when x is divided by 13?
10
Let w(h) = -111*h + 9773. Calculate the remainder when w(64) is divided by 52.
17
What is the remainder when (-1)/(-5) - -106*507/65 is divided by 36?
35
Suppose 47 = -v - 9. Let x(c) = 23*c + 41. Let j be x(-5). Let p = v - j. Calculate the remainder when 106 is divided by p.
16
Suppose -11*c + o - 10 = -15*c, 19 = 5*c - 2*o. Suppose 2*d + 212 = 4*z, c*z + 0*d - 133 = -5*d. Calculate the remainder when z is divided by 10.
1
Suppose 15*z + 61 = 601. What is the remainder when 246 is divided by z?
30
What is the remainder when 56/(-6)*(-35)/((-420)/(-297)) is divided by 30?
21
Let w(x) = -7*x + 4. Let n be -2*53*(5 + (-33)/6). Suppose -4*m - 2*l = -25 - n, -m + 5*l + 47 = 0. What is the remainder when w(-11) is divided by m?
15
What is the remainder when (-128)/60 + (1 - -1) - (-239708)/735 is divided by 22?
18
Let a(p) = -p**3 - 4*p**2 + 7*p - 7. Let d be a(3). Let q(m) = 2*m**2 - 3*m + 23. Let k be q(6). Let u = d + k. What is the remainder when 83 is divided by u?
27
Let i(d) = -d**2 + 3*d + 56. Let u be (10 + -1)*(3 + 0). What is the remainder when 102/u - 4/(-18) is divided by i(-6)?
0
Suppose 67 = -16*k + 19*k + u, 25 = -5*u. Suppose 3*l - 2*a = 100, k + 52 = 2*l + a. What is the remainder when ((-8)/10)/(10/(-1775)) is divided by l?
34
Suppose 147 = 2*w + 4*g - 105, 3*g - 581 = -5*w. What is the remainder when w is divided by 55?
2
Suppose 5*a - 210 = -5*y + 2*a, 0 = 5*y - 5*a - 170. Let j = -2158 - -2182. What is the remainder when y is divided by j?
15
Suppose 0 = 507*k - 513*k + 1860. Calculate the remainder when k is divided by 147.
16
Let l = -21 - -11. Let d(w) = w**3 + 10*w**2 - 7*w + 8. Let b(s) = -s**2 - 13*s + 27. What is the remainder when d(l) is divided by b(-13)?
24
Let n(r) = -117*r - 10. Let t(d) = 118*d + 11. Let i(u) = -3*n(u) - 2*t(u). What is the remainder when i(2) is divided by 48?
46
Suppose 4*d + q = 7, 3*d = q - 4*q + 3. Calculate the remainder when 116 is divided by (45/3)/(1/(2/d)).
11
Let b = -94 - -91. Let h = b - -108. Calculate the remainder when h is divided by 6.
3
Suppose 39*m - 44*m + 125 = 0. Suppose 0 = -5*q - 3*w + 15, m = 5*q + w + 10. What is the remainder when 19 is divided by q?
1
Suppose 0 = 91*z - 357 - 1099. What is the remainder when 1326 is divided by z?
14
Let h(r) = 124*r + 1623. Calculate the remainder when 415 is divided by h(-12).
10
Let n = -5881 - -6053. What is the remainder when 502 is divided by n?
158
Suppose 5*j + 525 = 13*l - 8*l, 528 = 5*l - 4*j. What is the remainder when 331 is divided by l?
7
Let u = -1667 - -1785. Suppose 10*f = 9*f + 21. What is the remainder when u is divided by f?
13
Suppose -6*h - 73 = -1. Let v = h + 102. What is the remainder when v is divided by 19?
14
Suppose 83 = -3*s + 13*s - 527. What is the remainder when 847 is divided by s?
54
Let u(s) = s**2 - 13*s + 50. Let z(a) = -a**2 + 8*a + 13. Let j be z(11). Let k = 9 - j. Calculate the remainder when k is divided by u(8).
9
Let z = 12 + 30. Suppose z + 44 = 2*q. Let u = 137 - q. Calculate the remainder when u is divided by 24.
22
Suppose 0*q - 7*q = -70. Let v(g) = 36*g - 14. Let u be v(4). Suppose r = -4*p + 2*r + u, 5*r + 42 = p. What is the remainder when p is divided by q?
2
Let o(m) = 101*m**3 + 2*m**2 +